{"id":4512,"date":"2025-09-28T19:49:46","date_gmt":"2025-09-28T19:49:46","guid":{"rendered":"https:\/\/bddatos.com\/inmobiliariajm\/?page_id=4512"},"modified":"2025-09-28T19:51:01","modified_gmt":"2025-09-28T19:51:01","slug":"servicio-juridico","status":"publish","type":"page","link":"https:\/\/bddatos.com\/inmobiliariajm\/servicios\/servicio-juridico\/","title":{"rendered":"Servicio jur\u00eddico"},"content":{"rendered":"\t\t<div data-elementor-type=\"wp-page\" data-elementor-id=\"4512\" class=\"elementor elementor-4512\">\n\t\t\t\t<div class=\"elementor-element elementor-element-8df7e40 e-flex e-con-boxed e-con e-parent\" data-id=\"8df7e40\" data-element_type=\"container\">\n\t\t\t\t\t<div class=\"e-con-inner\">\n\t\t\t\t<div class=\"elementor-element elementor-element-6e6ef67 elementor-widget elementor-widget-heading\" data-id=\"6e6ef67\" data-element_type=\"widget\" data-widget_type=\"heading.default\">\n\t\t\t\t<div class=\"elementor-widget-container\">\n\t\t\t\t\t<h1 class=\"elementor-heading-title elementor-size-default\">Servicio jur\u00eddico<\/h1>\t\t\t\t<\/div>\n\t\t\t\t<\/div>\n\t\t\t\t<div class=\"elementor-element elementor-element-03f431c elementor-widget-divider--view-line_text elementor-widget-divider--element-align-center elementor-widget elementor-widget-divider\" data-id=\"03f431c\" data-element_type=\"widget\" data-widget_type=\"divider.default\">\n\t\t\t\t<div class=\"elementor-widget-container\">\n\t\t\t\t\t\t\t<div class=\"elementor-divider\">\n\t\t\t<span class=\"elementor-divider-separator\">\n\t\t\t\t\t\t\t<span class=\"elementor-divider__text elementor-divider__element\">\n\t\t\t\tInmobiliaria JM\t\t\t\t<\/span>\n\t\t\t\t\t\t<\/span>\n\t\t<\/div>\n\t\t\t\t\t\t<\/div>\n\t\t\t\t<\/div>\n\t\t\t\t<div class=\"elementor-element elementor-element-f615ff3 elementor-widget elementor-widget-text-editor\" data-id=\"f615ff3\" data-element_type=\"widget\" data-widget_type=\"text-editor.default\">\n\t\t\t\t<div class=\"elementor-widget-container\">\n\t\t\t\t\t\t\t\t\t<p class=\"v1MsoNormal\">Nuestra experiencia y diversidad de pr\u00e1ctica en las distintas \u00e1reas de especialidad del sector nos permite prestar un asesoramiento jur\u00eddico global a nuestros clientes, en todo tipo de operaciones inmobiliarias en las que participen, tanto en el total desarrollo de cualquier proceso inmobiliario completo, como en cualquiera de sus fases puntuales.\u00a0<\/p><p class=\"v1MsoNormal\">Adem\u00e1s, le podremos asesorar y tramitar su herencia, testamentar\u00edas, declaraciones de herederos, certificados de \u00faltimas voluntades, divisi\u00f3n de cosa com\u00fan, repartos familiares, todo tipo de tr\u00e1mites notariales, tr\u00e1mites en el Registro de la Propiedad, tr\u00e1mites en oficina liquidadora de Hacienda Foral (modelo 650, 652, etc.), levantamiento de cargas, embargos y otros tr\u00e1mites judiciales, administrativos y registrales.<br \/><br \/>Asesoramiento sobre pr\u00e9stamos entre particulares, entre familiares, con entidades financieras, con entidades bancarias.<br \/><br \/>Defensa judicial y extrajudicial, mediaci\u00f3n, actos de conciliaci\u00f3n.<\/p><p class=\"v1MsoNormal\">Disponemos de despacho de abogados convenido, para otras materias, con m\u00e1s de 30 a\u00f1os de experiencia:\u00a0<a href=\"http:\/\/www.abogadosportugalete.com\/\" target=\"_blank\" rel=\"noopener noreferrer\">www.abogadosportugalete.com<\/a><\/p><p class=\"v1MsoNormal\">En definitiva,\u00a0disponemos de los recursos y los conocimientos multidisciplinares que nos permiten asesorar y acompa\u00f1ar a nuestros clientes en todos los aspectos que puedan incidir en sus asuntos inmobiliarios o de otra \u00edndole, ya sea en materia contractual, fiscal, administrativa, financiera, notarial o registral.<\/p>\t\t\t\t\t\t\t\t<\/div>\n\t\t\t\t<\/div>\n\t\t\t\t<div class=\"elementor-element elementor-element-59e4995 elementor-widget elementor-widget-spacer\" data-id=\"59e4995\" data-element_type=\"widget\" data-widget_type=\"spacer.default\">\n\t\t\t\t<div class=\"elementor-widget-container\">\n\t\t\t\t\t\t\t<div class=\"elementor-spacer\">\n\t\t\t<div class=\"elementor-spacer-inner\"><\/div>\n\t\t<\/div>\n\t\t\t\t\t\t<\/div>\n\t\t\t\t<\/div>\n\t\t\t\t\t<\/div>\n\t\t\t\t<\/div>\n\t\t<div class=\"elementor-element elementor-element-d1d677b e-con-full e-flex e-con e-parent\" data-id=\"d1d677b\" data-element_type=\"container\" data-settings=\"{&quot;shape_divider_bottom&quot;:&quot;opacity-fan&quot;}\">\n\t\t\t\t<div class=\"elementor-shape elementor-shape-bottom\" aria-hidden=\"true\" data-negative=\"false\">\n\t\t\t<svg xmlns=\"http:\/\/www.w3.org\/2000\/svg\" viewBox=\"0 0 283.5 19.6\" preserveAspectRatio=\"none\">\n\t<path class=\"elementor-shape-fill\" style=\"opacity:0.33\" d=\"M0 0L0 18.8 141.8 4.1 283.5 18.8 283.5 0z\"\/>\n\t<path class=\"elementor-shape-fill\" style=\"opacity:0.33\" d=\"M0 0L0 12.6 141.8 4 283.5 12.6 283.5 0z\"\/>\n\t<path class=\"elementor-shape-fill\" style=\"opacity:0.33\" d=\"M0 0L0 6.4 141.8 4 283.5 6.4 283.5 0z\"\/>\n\t<path class=\"elementor-shape-fill\" d=\"M0 0L0 1.2 141.8 4 283.5 1.2 283.5 0z\"\/>\n<\/svg>\t\t<\/div>\n\t\t\t\t<\/div>\n\t\t\t\t<\/div>\n\t\t","protected":false},"excerpt":{"rendered":"<p>Servicio jur\u00eddico Inmobiliaria JM Nuestra experiencia y diversidad de pr\u00e1ctica en las distintas \u00e1reas de especialidad del sector nos permite prestar un asesoramiento jur\u00eddico global a nuestros clientes, en todo tipo de operaciones inmobiliarias en las que participen, tanto en el total desarrollo de cualquier proceso inmobiliario completo, como en cualquiera de sus fases puntuales.\u00a0 &#8230; <a title=\"Servicio jur\u00eddico\" class=\"read-more\" href=\"https:\/\/bddatos.com\/inmobiliariajm\/servicios\/servicio-juridico\/\" aria-label=\"Leer m\u00e1s sobre Servicio jur\u00eddico\">Leer m\u00e1s<\/a><\/p>\n","protected":false},"author":1,"featured_media":0,"parent":3838,"menu_order":0,"comment_status":"closed","ping_status":"closed","template":"","meta":{"_joinchat":[],"footnotes":""},"class_list":["post-4512","page","type-page","status-publish"],"yoast_head":"<!-- This site is optimized with the Yoast SEO plugin v25.3.1 - https:\/\/yoast.com\/wordpress\/plugins\/seo\/ -->\n<title>Servicio jur\u00eddico - Inmobiliaria jm<\/title>\n<meta name=\"robots\" content=\"index, follow, max-snippet:-1, max-image-preview:large, max-video-preview:-1\" \/>\n<link rel=\"canonical\" href=\"https:\/\/bddatos.com\/inmobiliariajm\/servicios\/servicio-juridico\/\" \/>\n<meta property=\"og:locale\" content=\"es_ES\" \/>\n<meta property=\"og:type\" content=\"article\" \/>\n<meta property=\"og:title\" content=\"Servicio jur\u00eddico - Inmobiliaria jm\" \/>\n<meta property=\"og:description\" content=\"Servicio jur\u00eddico Inmobiliaria JM Nuestra experiencia y diversidad de pr\u00e1ctica en las distintas \u00e1reas de especialidad del sector nos permite prestar un asesoramiento jur\u00eddico global a nuestros clientes, en todo tipo de operaciones inmobiliarias en las que participen, tanto en el total desarrollo de cualquier proceso inmobiliario completo, como en cualquiera de sus fases puntuales.\u00a0 ... Leer m\u00e1s\" \/>\n<meta property=\"og:url\" content=\"https:\/\/bddatos.com\/inmobiliariajm\/servicios\/servicio-juridico\/\" \/>\n<meta property=\"og:site_name\" content=\"Inmobiliaria jm\" \/>\n<meta property=\"article:modified_time\" content=\"2025-09-28T19:51:01+00:00\" \/>\n<meta name=\"twitter:card\" content=\"summary_large_image\" \/>\n<meta name=\"twitter:label1\" content=\"Tiempo de lectura\" \/>\n\t<meta name=\"twitter:data1\" content=\"1 minuto\" \/>\n<script type=\"application\/ld+json\" class=\"yoast-schema-graph\">{\"@context\":\"https:\/\/schema.org\",\"@graph\":[{\"@type\":\"WebPage\",\"@id\":\"https:\/\/bddatos.com\/inmobiliariajm\/servicios\/servicio-juridico\/\",\"url\":\"https:\/\/bddatos.com\/inmobiliariajm\/servicios\/servicio-juridico\/\",\"name\":\"Servicio jur\u00eddico - Inmobiliaria jm\",\"isPartOf\":{\"@id\":\"https:\/\/bddatos.com\/inmobiliariajm\/#website\"},\"datePublished\":\"2025-09-28T19:49:46+00:00\",\"dateModified\":\"2025-09-28T19:51:01+00:00\",\"breadcrumb\":{\"@id\":\"https:\/\/bddatos.com\/inmobiliariajm\/servicios\/servicio-juridico\/#breadcrumb\"},\"inLanguage\":\"es\",\"potentialAction\":[{\"@type\":\"ReadAction\",\"target\":[\"https:\/\/bddatos.com\/inmobiliariajm\/servicios\/servicio-juridico\/\"]}]},{\"@type\":\"BreadcrumbList\",\"@id\":\"https:\/\/bddatos.com\/inmobiliariajm\/servicios\/servicio-juridico\/#breadcrumb\",\"itemListElement\":[{\"@type\":\"ListItem\",\"position\":1,\"name\":\"Portada\",\"item\":\"https:\/\/bddatos.com\/inmobiliariajm\/\"},{\"@type\":\"ListItem\",\"position\":2,\"name\":\"Servicios\",\"item\":\"https:\/\/bddatos.com\/inmobiliariajm\/servicios\/\"},{\"@type\":\"ListItem\",\"position\":3,\"name\":\"Servicio jur\u00eddico\"}]},{\"@type\":\"WebSite\",\"@id\":\"https:\/\/bddatos.com\/inmobiliariajm\/#website\",\"url\":\"https:\/\/bddatos.com\/inmobiliariajm\/\",\"name\":\"Inmobiliaria jm Portugalete\",\"description\":\"\",\"publisher\":{\"@id\":\"https:\/\/bddatos.com\/inmobiliariajm\/#organization\"},\"potentialAction\":[{\"@type\":\"SearchAction\",\"target\":{\"@type\":\"EntryPoint\",\"urlTemplate\":\"https:\/\/bddatos.com\/inmobiliariajm\/?s={search_term_string}\"},\"query-input\":{\"@type\":\"PropertyValueSpecification\",\"valueRequired\":true,\"valueName\":\"search_term_string\"}}],\"inLanguage\":\"es\"},{\"@type\":\"Organization\",\"@id\":\"https:\/\/bddatos.com\/inmobiliariajm\/#organization\",\"name\":\"Inmobiliaria jm\",\"url\":\"https:\/\/bddatos.com\/inmobiliariajm\/\",\"logo\":{\"@type\":\"ImageObject\",\"inLanguage\":\"es\",\"@id\":\"https:\/\/bddatos.com\/inmobiliariajm\/#\/schema\/logo\/image\/\",\"url\":\"https:\/\/bddatos.com\/inmobiliariajm\/wp-content\/uploads\/2025\/06\/logo_inmobiliaria_portugalete.jpg\",\"contentUrl\":\"https:\/\/bddatos.com\/inmobiliariajm\/wp-content\/uploads\/2025\/06\/logo_inmobiliaria_portugalete.jpg\",\"width\":400,\"height\":148,\"caption\":\"Inmobiliaria jm\"},\"image\":{\"@id\":\"https:\/\/bddatos.com\/inmobiliariajm\/#\/schema\/logo\/image\/\"}}]}<\/script>\n<!-- \/ Yoast SEO plugin. -->","yoast_head_json":{"title":"Servicio jur\u00eddico - Inmobiliaria jm","robots":{"index":"index","follow":"follow","max-snippet":"max-snippet:-1","max-image-preview":"max-image-preview:large","max-video-preview":"max-video-preview:-1"},"canonical":"https:\/\/bddatos.com\/inmobiliariajm\/servicios\/servicio-juridico\/","og_locale":"es_ES","og_type":"article","og_title":"Servicio jur\u00eddico - Inmobiliaria jm","og_description":"Servicio jur\u00eddico Inmobiliaria JM Nuestra experiencia y diversidad de pr\u00e1ctica en las distintas \u00e1reas de especialidad del sector nos permite prestar un asesoramiento jur\u00eddico global a nuestros clientes, en todo tipo de operaciones inmobiliarias en las que participen, tanto en el total desarrollo de cualquier proceso inmobiliario completo, como en cualquiera de sus fases puntuales.\u00a0 ... Leer m\u00e1s","og_url":"https:\/\/bddatos.com\/inmobiliariajm\/servicios\/servicio-juridico\/","og_site_name":"Inmobiliaria jm","article_modified_time":"2025-09-28T19:51:01+00:00","twitter_card":"summary_large_image","twitter_misc":{"Tiempo de lectura":"1 minuto"},"schema":{"@context":"https:\/\/schema.org","@graph":[{"@type":"WebPage","@id":"https:\/\/bddatos.com\/inmobiliariajm\/servicios\/servicio-juridico\/","url":"https:\/\/bddatos.com\/inmobiliariajm\/servicios\/servicio-juridico\/","name":"Servicio jur\u00eddico - Inmobiliaria jm","isPartOf":{"@id":"https:\/\/bddatos.com\/inmobiliariajm\/#website"},"datePublished":"2025-09-28T19:49:46+00:00","dateModified":"2025-09-28T19:51:01+00:00","breadcrumb":{"@id":"https:\/\/bddatos.com\/inmobiliariajm\/servicios\/servicio-juridico\/#breadcrumb"},"inLanguage":"es","potentialAction":[{"@type":"ReadAction","target":["https:\/\/bddatos.com\/inmobiliariajm\/servicios\/servicio-juridico\/"]}]},{"@type":"BreadcrumbList","@id":"https:\/\/bddatos.com\/inmobiliariajm\/servicios\/servicio-juridico\/#breadcrumb","itemListElement":[{"@type":"ListItem","position":1,"name":"Portada","item":"https:\/\/bddatos.com\/inmobiliariajm\/"},{"@type":"ListItem","position":2,"name":"Servicios","item":"https:\/\/bddatos.com\/inmobiliariajm\/servicios\/"},{"@type":"ListItem","position":3,"name":"Servicio jur\u00eddico"}]},{"@type":"WebSite","@id":"https:\/\/bddatos.com\/inmobiliariajm\/#website","url":"https:\/\/bddatos.com\/inmobiliariajm\/","name":"Inmobiliaria jm Portugalete","description":"","publisher":{"@id":"https:\/\/bddatos.com\/inmobiliariajm\/#organization"},"potentialAction":[{"@type":"SearchAction","target":{"@type":"EntryPoint","urlTemplate":"https:\/\/bddatos.com\/inmobiliariajm\/?s={search_term_string}"},"query-input":{"@type":"PropertyValueSpecification","valueRequired":true,"valueName":"search_term_string"}}],"inLanguage":"es"},{"@type":"Organization","@id":"https:\/\/bddatos.com\/inmobiliariajm\/#organization","name":"Inmobiliaria jm","url":"https:\/\/bddatos.com\/inmobiliariajm\/","logo":{"@type":"ImageObject","inLanguage":"es","@id":"https:\/\/bddatos.com\/inmobiliariajm\/#\/schema\/logo\/image\/","url":"https:\/\/bddatos.com\/inmobiliariajm\/wp-content\/uploads\/2025\/06\/logo_inmobiliaria_portugalete.jpg","contentUrl":"https:\/\/bddatos.com\/inmobiliariajm\/wp-content\/uploads\/2025\/06\/logo_inmobiliaria_portugalete.jpg","width":400,"height":148,"caption":"Inmobiliaria jm"},"image":{"@id":"https:\/\/bddatos.com\/inmobiliariajm\/#\/schema\/logo\/image\/"}}]}},"_links":{"self":[{"href":"https:\/\/bddatos.com\/inmobiliariajm\/wp-json\/wp\/v2\/pages\/4512","targetHints":{"allow":["GET"]}}],"collection":[{"href":"https:\/\/bddatos.com\/inmobiliariajm\/wp-json\/wp\/v2\/pages"}],"about":[{"href":"https:\/\/bddatos.com\/inmobiliariajm\/wp-json\/wp\/v2\/types\/page"}],"author":[{"embeddable":true,"href":"https:\/\/bddatos.com\/inmobiliariajm\/wp-json\/wp\/v2\/users\/1"}],"replies":[{"embeddable":true,"href":"https:\/\/bddatos.com\/inmobiliariajm\/wp-json\/wp\/v2\/comments?post=4512"}],"version-history":[{"count":4,"href":"https:\/\/bddatos.com\/inmobiliariajm\/wp-json\/wp\/v2\/pages\/4512\/revisions"}],"predecessor-version":[{"id":4516,"href":"https:\/\/bddatos.com\/inmobiliariajm\/wp-json\/wp\/v2\/pages\/4512\/revisions\/4516"}],"up":[{"embeddable":true,"href":"https:\/\/bddatos.com\/inmobiliariajm\/wp-json\/wp\/v2\/pages\/3838"}],"wp:attachment":[{"href":"https:\/\/bddatos.com\/inmobiliariajm\/wp-json\/wp\/v2\/media?parent=4512"}],"curies":[{"name":"wp","href":"https:\/\/api.w.org\/{rel}","templated":true}]}}