{"id":4519,"date":"2025-10-06T11:12:23","date_gmt":"2025-10-06T11:12:23","guid":{"rendered":"https:\/\/bddatos.com\/inmobiliariajm\/?page_id=4519"},"modified":"2025-10-06T11:15:14","modified_gmt":"2025-10-06T11:15:14","slug":"redaccion-de-contratos","status":"publish","type":"page","link":"https:\/\/bddatos.com\/inmobiliariajm\/servicios\/redaccion-de-contratos\/","title":{"rendered":"Redacci\u00f3n de contratos"},"content":{"rendered":"\t\t<div data-elementor-type=\"wp-page\" data-elementor-id=\"4519\" class=\"elementor elementor-4519\">\n\t\t\t\t<div class=\"elementor-element elementor-element-d9d5579 e-flex e-con-boxed e-con e-parent\" data-id=\"d9d5579\" data-element_type=\"container\">\n\t\t\t\t\t<div class=\"e-con-inner\">\n\t\t\t\t<div class=\"elementor-element elementor-element-0b8514a elementor-widget elementor-widget-heading\" data-id=\"0b8514a\" data-element_type=\"widget\" data-widget_type=\"heading.default\">\n\t\t\t\t<div class=\"elementor-widget-container\">\n\t\t\t\t\t<h1 class=\"elementor-heading-title elementor-size-default\">Redacci\u00f3n de contratos<\/h1>\t\t\t\t<\/div>\n\t\t\t\t<\/div>\n\t\t\t\t<div class=\"elementor-element elementor-element-396d5fd elementor-widget-divider--view-line_text elementor-widget-divider--element-align-center elementor-widget elementor-widget-divider\" data-id=\"396d5fd\" data-element_type=\"widget\" data-widget_type=\"divider.default\">\n\t\t\t\t<div class=\"elementor-widget-container\">\n\t\t\t\t\t\t\t<div class=\"elementor-divider\">\n\t\t\t<span class=\"elementor-divider-separator\">\n\t\t\t\t\t\t\t<span class=\"elementor-divider__text elementor-divider__element\">\n\t\t\t\tInmobiliaria JM\t\t\t\t<\/span>\n\t\t\t\t\t\t<\/span>\n\t\t<\/div>\n\t\t\t\t\t\t<\/div>\n\t\t\t\t<\/div>\n\t\t\t\t<div class=\"elementor-element elementor-element-67c9e2a elementor-widget elementor-widget-text-editor\" data-id=\"67c9e2a\" data-element_type=\"widget\" data-widget_type=\"text-editor.default\">\n\t\t\t\t<div class=\"elementor-widget-container\">\n\t\t\t\t\t\t\t\t\t<div id=\"widget_232\" class=\"flex-element widget-wrapper\" data-auto=\"flex-element-widget-wrapper\" data-widget-type=\"paragraph\" data-external-id=\"1295854671\"><div id=\"1295854671\" class=\"dmNewParagraph\" data-element-type=\"paragraph\" data-version=\"5\"><p>En Inmobiliaria JM podr\u00e1s solicitar el asesoramiento y redacci\u00f3n de contratos personalizados a sus necesidades, sujetos a la normativa vigente.<\/p><p>Podemos redactar contratos privados de compraventa, de arras, arrendamiento de vivienda, de locales (con o sin avalista), contratos de alquiler con opci\u00f3n a compra, contrato de compraventa con pago aplazado, etc.<\/p><p>Igualmente, dentro de la tipolog\u00eda de contratos de arrendamiento de vivienda, podremos definir la mejor soluci\u00f3n a tu caso, bien con contrato de arrendamiento de temporada u ordinario.<\/p><\/div><\/div>\t\t\t\t\t\t\t\t<\/div>\n\t\t\t\t<\/div>\n\t\t\t\t<div class=\"elementor-element elementor-element-2f8fa6e elementor-widget elementor-widget-spacer\" data-id=\"2f8fa6e\" data-element_type=\"widget\" data-widget_type=\"spacer.default\">\n\t\t\t\t<div class=\"elementor-widget-container\">\n\t\t\t\t\t\t\t<div class=\"elementor-spacer\">\n\t\t\t<div class=\"elementor-spacer-inner\"><\/div>\n\t\t<\/div>\n\t\t\t\t\t\t<\/div>\n\t\t\t\t<\/div>\n\t\t\t\t\t<\/div>\n\t\t\t\t<\/div>\n\t\t<div class=\"elementor-element elementor-element-7cd48ec e-con-full e-flex e-con e-parent\" data-id=\"7cd48ec\" data-element_type=\"container\" data-settings=\"{&quot;shape_divider_bottom&quot;:&quot;opacity-fan&quot;}\">\n\t\t\t\t<div class=\"elementor-shape elementor-shape-bottom\" aria-hidden=\"true\" data-negative=\"false\">\n\t\t\t<svg xmlns=\"http:\/\/www.w3.org\/2000\/svg\" viewBox=\"0 0 283.5 19.6\" preserveAspectRatio=\"none\">\n\t<path class=\"elementor-shape-fill\" style=\"opacity:0.33\" d=\"M0 0L0 18.8 141.8 4.1 283.5 18.8 283.5 0z\"\/>\n\t<path class=\"elementor-shape-fill\" style=\"opacity:0.33\" d=\"M0 0L0 12.6 141.8 4 283.5 12.6 283.5 0z\"\/>\n\t<path class=\"elementor-shape-fill\" style=\"opacity:0.33\" d=\"M0 0L0 6.4 141.8 4 283.5 6.4 283.5 0z\"\/>\n\t<path class=\"elementor-shape-fill\" d=\"M0 0L0 1.2 141.8 4 283.5 1.2 283.5 0z\"\/>\n<\/svg>\t\t<\/div>\n\t\t\t\t<\/div>\n\t\t\t\t<\/div>\n\t\t","protected":false},"excerpt":{"rendered":"<p>Redacci\u00f3n de contratos Inmobiliaria JM En Inmobiliaria JM podr\u00e1s solicitar el asesoramiento y redacci\u00f3n de contratos personalizados a sus necesidades, sujetos a la normativa vigente. Podemos redactar contratos privados de compraventa, de arras, arrendamiento de vivienda, de locales (con o sin avalista), contratos de alquiler con opci\u00f3n a compra, contrato de compraventa con pago aplazado, &#8230; <a title=\"Redacci\u00f3n de contratos\" class=\"read-more\" href=\"https:\/\/bddatos.com\/inmobiliariajm\/servicios\/redaccion-de-contratos\/\" aria-label=\"Leer m\u00e1s sobre Redacci\u00f3n de contratos\">Leer m\u00e1s<\/a><\/p>\n","protected":false},"author":1,"featured_media":0,"parent":3838,"menu_order":0,"comment_status":"closed","ping_status":"closed","template":"","meta":{"_joinchat":[],"footnotes":""},"class_list":["post-4519","page","type-page","status-publish"],"yoast_head":"<!-- This site is optimized with the Yoast SEO plugin v25.3.1 - https:\/\/yoast.com\/wordpress\/plugins\/seo\/ -->\n<title>Redacci\u00f3n de contratos - Inmobiliaria jm<\/title>\n<meta name=\"robots\" content=\"index, follow, max-snippet:-1, max-image-preview:large, max-video-preview:-1\" \/>\n<link rel=\"canonical\" href=\"https:\/\/bddatos.com\/inmobiliariajm\/servicios\/redaccion-de-contratos\/\" \/>\n<meta property=\"og:locale\" content=\"es_ES\" \/>\n<meta property=\"og:type\" content=\"article\" \/>\n<meta property=\"og:title\" content=\"Redacci\u00f3n de contratos - Inmobiliaria jm\" \/>\n<meta property=\"og:description\" content=\"Redacci\u00f3n de contratos Inmobiliaria JM En Inmobiliaria JM podr\u00e1s solicitar el asesoramiento y redacci\u00f3n de contratos personalizados a sus necesidades, sujetos a la normativa vigente. Podemos redactar contratos privados de compraventa, de arras, arrendamiento de vivienda, de locales (con o sin avalista), contratos de alquiler con opci\u00f3n a compra, contrato de compraventa con pago aplazado, ... Leer m\u00e1s\" \/>\n<meta property=\"og:url\" content=\"https:\/\/bddatos.com\/inmobiliariajm\/servicios\/redaccion-de-contratos\/\" \/>\n<meta property=\"og:site_name\" content=\"Inmobiliaria jm\" \/>\n<meta property=\"article:modified_time\" content=\"2025-10-06T11:15:14+00:00\" \/>\n<meta name=\"twitter:card\" content=\"summary_large_image\" \/>\n<meta name=\"twitter:label1\" content=\"Tiempo de lectura\" \/>\n\t<meta name=\"twitter:data1\" content=\"1 minuto\" \/>\n<script type=\"application\/ld+json\" class=\"yoast-schema-graph\">{\"@context\":\"https:\/\/schema.org\",\"@graph\":[{\"@type\":\"WebPage\",\"@id\":\"https:\/\/bddatos.com\/inmobiliariajm\/servicios\/redaccion-de-contratos\/\",\"url\":\"https:\/\/bddatos.com\/inmobiliariajm\/servicios\/redaccion-de-contratos\/\",\"name\":\"Redacci\u00f3n de contratos - Inmobiliaria jm\",\"isPartOf\":{\"@id\":\"https:\/\/bddatos.com\/inmobiliariajm\/#website\"},\"datePublished\":\"2025-10-06T11:12:23+00:00\",\"dateModified\":\"2025-10-06T11:15:14+00:00\",\"breadcrumb\":{\"@id\":\"https:\/\/bddatos.com\/inmobiliariajm\/servicios\/redaccion-de-contratos\/#breadcrumb\"},\"inLanguage\":\"es\",\"potentialAction\":[{\"@type\":\"ReadAction\",\"target\":[\"https:\/\/bddatos.com\/inmobiliariajm\/servicios\/redaccion-de-contratos\/\"]}]},{\"@type\":\"BreadcrumbList\",\"@id\":\"https:\/\/bddatos.com\/inmobiliariajm\/servicios\/redaccion-de-contratos\/#breadcrumb\",\"itemListElement\":[{\"@type\":\"ListItem\",\"position\":1,\"name\":\"Portada\",\"item\":\"https:\/\/bddatos.com\/inmobiliariajm\/\"},{\"@type\":\"ListItem\",\"position\":2,\"name\":\"Servicios\",\"item\":\"https:\/\/bddatos.com\/inmobiliariajm\/servicios\/\"},{\"@type\":\"ListItem\",\"position\":3,\"name\":\"Redacci\u00f3n de contratos\"}]},{\"@type\":\"WebSite\",\"@id\":\"https:\/\/bddatos.com\/inmobiliariajm\/#website\",\"url\":\"https:\/\/bddatos.com\/inmobiliariajm\/\",\"name\":\"Inmobiliaria jm Portugalete\",\"description\":\"\",\"publisher\":{\"@id\":\"https:\/\/bddatos.com\/inmobiliariajm\/#organization\"},\"potentialAction\":[{\"@type\":\"SearchAction\",\"target\":{\"@type\":\"EntryPoint\",\"urlTemplate\":\"https:\/\/bddatos.com\/inmobiliariajm\/?s={search_term_string}\"},\"query-input\":{\"@type\":\"PropertyValueSpecification\",\"valueRequired\":true,\"valueName\":\"search_term_string\"}}],\"inLanguage\":\"es\"},{\"@type\":\"Organization\",\"@id\":\"https:\/\/bddatos.com\/inmobiliariajm\/#organization\",\"name\":\"Inmobiliaria jm\",\"url\":\"https:\/\/bddatos.com\/inmobiliariajm\/\",\"logo\":{\"@type\":\"ImageObject\",\"inLanguage\":\"es\",\"@id\":\"https:\/\/bddatos.com\/inmobiliariajm\/#\/schema\/logo\/image\/\",\"url\":\"https:\/\/bddatos.com\/inmobiliariajm\/wp-content\/uploads\/2025\/06\/logo_inmobiliaria_portugalete.jpg\",\"contentUrl\":\"https:\/\/bddatos.com\/inmobiliariajm\/wp-content\/uploads\/2025\/06\/logo_inmobiliaria_portugalete.jpg\",\"width\":400,\"height\":148,\"caption\":\"Inmobiliaria jm\"},\"image\":{\"@id\":\"https:\/\/bddatos.com\/inmobiliariajm\/#\/schema\/logo\/image\/\"}}]}<\/script>\n<!-- \/ Yoast SEO plugin. -->","yoast_head_json":{"title":"Redacci\u00f3n de contratos - Inmobiliaria jm","robots":{"index":"index","follow":"follow","max-snippet":"max-snippet:-1","max-image-preview":"max-image-preview:large","max-video-preview":"max-video-preview:-1"},"canonical":"https:\/\/bddatos.com\/inmobiliariajm\/servicios\/redaccion-de-contratos\/","og_locale":"es_ES","og_type":"article","og_title":"Redacci\u00f3n de contratos - Inmobiliaria jm","og_description":"Redacci\u00f3n de contratos Inmobiliaria JM En Inmobiliaria JM podr\u00e1s solicitar el asesoramiento y redacci\u00f3n de contratos personalizados a sus necesidades, sujetos a la normativa vigente. Podemos redactar contratos privados de compraventa, de arras, arrendamiento de vivienda, de locales (con o sin avalista), contratos de alquiler con opci\u00f3n a compra, contrato de compraventa con pago aplazado, ... Leer m\u00e1s","og_url":"https:\/\/bddatos.com\/inmobiliariajm\/servicios\/redaccion-de-contratos\/","og_site_name":"Inmobiliaria jm","article_modified_time":"2025-10-06T11:15:14+00:00","twitter_card":"summary_large_image","twitter_misc":{"Tiempo de lectura":"1 minuto"},"schema":{"@context":"https:\/\/schema.org","@graph":[{"@type":"WebPage","@id":"https:\/\/bddatos.com\/inmobiliariajm\/servicios\/redaccion-de-contratos\/","url":"https:\/\/bddatos.com\/inmobiliariajm\/servicios\/redaccion-de-contratos\/","name":"Redacci\u00f3n de contratos - Inmobiliaria jm","isPartOf":{"@id":"https:\/\/bddatos.com\/inmobiliariajm\/#website"},"datePublished":"2025-10-06T11:12:23+00:00","dateModified":"2025-10-06T11:15:14+00:00","breadcrumb":{"@id":"https:\/\/bddatos.com\/inmobiliariajm\/servicios\/redaccion-de-contratos\/#breadcrumb"},"inLanguage":"es","potentialAction":[{"@type":"ReadAction","target":["https:\/\/bddatos.com\/inmobiliariajm\/servicios\/redaccion-de-contratos\/"]}]},{"@type":"BreadcrumbList","@id":"https:\/\/bddatos.com\/inmobiliariajm\/servicios\/redaccion-de-contratos\/#breadcrumb","itemListElement":[{"@type":"ListItem","position":1,"name":"Portada","item":"https:\/\/bddatos.com\/inmobiliariajm\/"},{"@type":"ListItem","position":2,"name":"Servicios","item":"https:\/\/bddatos.com\/inmobiliariajm\/servicios\/"},{"@type":"ListItem","position":3,"name":"Redacci\u00f3n de contratos"}]},{"@type":"WebSite","@id":"https:\/\/bddatos.com\/inmobiliariajm\/#website","url":"https:\/\/bddatos.com\/inmobiliariajm\/","name":"Inmobiliaria jm Portugalete","description":"","publisher":{"@id":"https:\/\/bddatos.com\/inmobiliariajm\/#organization"},"potentialAction":[{"@type":"SearchAction","target":{"@type":"EntryPoint","urlTemplate":"https:\/\/bddatos.com\/inmobiliariajm\/?s={search_term_string}"},"query-input":{"@type":"PropertyValueSpecification","valueRequired":true,"valueName":"search_term_string"}}],"inLanguage":"es"},{"@type":"Organization","@id":"https:\/\/bddatos.com\/inmobiliariajm\/#organization","name":"Inmobiliaria jm","url":"https:\/\/bddatos.com\/inmobiliariajm\/","logo":{"@type":"ImageObject","inLanguage":"es","@id":"https:\/\/bddatos.com\/inmobiliariajm\/#\/schema\/logo\/image\/","url":"https:\/\/bddatos.com\/inmobiliariajm\/wp-content\/uploads\/2025\/06\/logo_inmobiliaria_portugalete.jpg","contentUrl":"https:\/\/bddatos.com\/inmobiliariajm\/wp-content\/uploads\/2025\/06\/logo_inmobiliaria_portugalete.jpg","width":400,"height":148,"caption":"Inmobiliaria jm"},"image":{"@id":"https:\/\/bddatos.com\/inmobiliariajm\/#\/schema\/logo\/image\/"}}]}},"_links":{"self":[{"href":"https:\/\/bddatos.com\/inmobiliariajm\/wp-json\/wp\/v2\/pages\/4519","targetHints":{"allow":["GET"]}}],"collection":[{"href":"https:\/\/bddatos.com\/inmobiliariajm\/wp-json\/wp\/v2\/pages"}],"about":[{"href":"https:\/\/bddatos.com\/inmobiliariajm\/wp-json\/wp\/v2\/types\/page"}],"author":[{"embeddable":true,"href":"https:\/\/bddatos.com\/inmobiliariajm\/wp-json\/wp\/v2\/users\/1"}],"replies":[{"embeddable":true,"href":"https:\/\/bddatos.com\/inmobiliariajm\/wp-json\/wp\/v2\/comments?post=4519"}],"version-history":[{"count":4,"href":"https:\/\/bddatos.com\/inmobiliariajm\/wp-json\/wp\/v2\/pages\/4519\/revisions"}],"predecessor-version":[{"id":4523,"href":"https:\/\/bddatos.com\/inmobiliariajm\/wp-json\/wp\/v2\/pages\/4519\/revisions\/4523"}],"up":[{"embeddable":true,"href":"https:\/\/bddatos.com\/inmobiliariajm\/wp-json\/wp\/v2\/pages\/3838"}],"wp:attachment":[{"href":"https:\/\/bddatos.com\/inmobiliariajm\/wp-json\/wp\/v2\/media?parent=4519"}],"curies":[{"name":"wp","href":"https:\/\/api.w.org\/{rel}","templated":true}]}}